ate p(-230).
5
Let l(h) = 135*h**2 + 679*h + 31. What is l(-5)?
11
Let q(c) = -30*c - 1940. What is q(-66)?
40
Let h(w) = -141*w + 5349. Determine h(38).
-9
Let n(s) = 203*s + 15421. What is n(-76)?
-7
Let p(h) = h**2 - 122*h - 1303. What is p(-10)?
17
Let q(o) = 37*o + 204. Calculate q(-7).
-55
Let a(m) = 10*m**2 - 266*m - 104. Give a(27).
4
Let h(k) = -k**3 - 15*k**2 + 30*k + 332. What is h(-16)?
108
Let p(z) = 42*z + 329. Calculate p(-9).
-49
Let w(u) = -6*u - 311. Determine w(-38).
-83
Let g(j) = 10*j + 643. Determine g(-63).
13
Let k(v) = -v**3 + 3*v**2 - 3*v - 9. Give k(-4).
115
Let p(q) = -3*q**2 + 65*q - 102. What is p(19)?
50
Let k(f) = 3*f**3 - 316*f**2 - 225*f + 1366. Determine k(106).
-12
Let r(k) = k**3 + 121*k**2 - 2973*k - 177. Determine r(21).
12
Let s(q) = 61*q - 24. Calculate s(2).
98
Let m(h) = h**3 - 7*h**2 - 12. Give m(7).
-12
Let s(l) = 6*l - 214. Determine s(37).
8
Let j(z) = 5*z**2 + 657*z + 270. Give j(-131).
8
Let g(k) = -k**3 - 63*k**2 - 906*k - 100. Give g(-22).
-12
Let p(j) = -j**3 + 89*j**2 - 574*j + 6. Give p(7).
6
Let m(r) = 644*r + 3019. Give m(-5).
-201
Let k(u) = 9*u**2 + 154*u - 15. Calculate k(-17).
-32
Let q(p) = 5*p**3 - 54*p**2 - 13*p + 16. What is q(11)?
-6
Let i(t) = -264*t + 42287. Give i(160).
47
Let u(v) = v**3 + 75*v**2 + 139*v - 558. What is u(-73)?
-47
Let y(v) = v**3 + 87*v**2 + 91*v + 168. Determine y(-86).
-262
Let n(f) = 6275*f + 25097. What is n(-4)?
-3
Let l(m) = m**3 + 77*m**2 - 83*m - 376. Give l(-78).
14
Let q(c) = 340*c + 7135. Determine q(-21).
-5
Let i(v) = -47*v + 121. Give i(2).
27
Let o(s) = -s**2 + 7*s - 102. Calculate o(9).
-120
Let p(z) = 4787*z - 28700. Calculate p(6).
22
Let b(h) = -h**3 + 13*h**2 - 12*h - 116. What is b(11)?
-6
Let o(y) = 3*y**3 + 5*y**2 - 13*y - 19. What is o(6)?
731
Let k(f) = 4*f**3 - 29*f**2 - 61*f - 5. Give k(9).
13
Let d(f) = 1233*f + 4971. Give d(-4).
39
Let q(u) = -17*u - 36. Determine q(-41).
661
Let p(i) = -104*i + 2603. Calculate p(25).
3
Let p(l) = -l**3 - 94*l**2 - 384*l - 36088. What is p(-94)?
8
Let x(f) = -f**3 - 20*f**2 - 12*f + 144. What is x(-19)?
11
Let x(v) = -3*v**3 - 136*v**2 - 531*v + 83. Determine x(-41).
1
Let a(l) = -l**3 + 41*l**2 + 32*l + 547. Determine a(42).
127
Let f(i) = -6*i**3 + 38*i**2 - 63*i + 7. Determine f(3).
-2
Let a(i) = -i**3 + 11*i**2 + 29*i - 36. Give a(13).
3
Let d(f) = 33*f**2 + 5*f + 19. What is d(-2)?
141
Let u(a) = -a**3 + 53*a**2 - 280*a - 11. Determine u(6).
1
Let j(u) = -2*u**3 - 2*u**2 + 17*u + 8. Calculate j(-5).
123
Let x(l) = 11*l**2 - 338*l - 80. What is x(31)?
13
Let b(x) = -213*x + 200. What is b(1)?
-13
Let b(n) = n**2 + 27*n - 1033. What is b(21)?
-25
Let t(i) = 11*i**2 - 120*i + 257. Calculate t(8).
1
Let n(p) = -p**2 - 150*p + 12062. Determine n(-208).
-2
Let a(d) = -d**3 - 28*d**2 - 77*d - 9. What is a(-7)?
-499
Let z(a) = 2*a**3 - 3*a**2 + 6*a. Determine z(4).
104
Let d(i) = 2*i**3 - 12*i**2 - 4*i + 239. Give d(7).
309
Let r(q) = 51*q + 204. Give r(-6).
-102
Let y(q) = 119*q - 1817. Determine y(17).
206
Let t(s) = -s**2 + 638*s + 78880. Calculate t(-106).
16
Let k(v) = -384*v - 2688. What is k(-7)?
0
Let s(c) = -c**3 - 13*c**2 - 67*c - 661. Give s(-12).
-1
Let a(x) = -x**2 + 25*x + 1745. What is a(-31)?
9
Let v(l) = 62*l**2 - 186*l + 3. What is v(3)?
3
Let r(f) = 32*f**2 - 24*f + 57. Determine r(2).
137
Let i(s) = -24*s**2 - 1590*s - 380. Calculate i(-66).
16
Let q(i) = 4*i + 81. What is q(-38)?
-71
Let c(k) = k**3 - 269*k**2 + 252*k - 67790. Determine c(269).
-2
Let l(v) = v**3 - 11*v**2 - 8*v + 17. Give l(12).
65
Let q(w) = -w**3 + 12*w**2 - 44*w + 265. What is q(11)?
-98
Let c(a) = 6*a**3 + 217*a**2 + 239*a - 11. Determine c(-35).
199
Let x(n) = -n**3 + 22*n**2 - 86*n + 42. Determine x(17).
25
Let d(k) = 32*k + 151. Determine d(-5).
-9
Let t(m) = -m**3 - 21*m**2 - 38*m + 314. Calculate t(-19).
314
Let t(d) = -9*d**2 + 643*d - 290. Calculate t(71).
-6
Let k(b) = 114*b**3 - b**2 - b + 1. Give k(1).
113
Let l(b) = -40*b - 10. Calculate l(-2).
70
Let l(f) = 2*f**3 + 15*f**2 - 50*f. Determine l(-10).
0
Let x(m) = 3*m**3 + 119*m**2 + 86*m + 324. Determine x(-39).
12
Let a(j) = -19*j**2 + 12*j + 26. What is a(-2)?
-74
Let k(z) = -z**2 - 81*z - 1453. What is k(-27)?
5
Let y(d) = -d**3 - d**2 - 36*d - 108. Determine y(-3).
18
Let o(d) = d**2 - 33*d - 298. Determine o(-10).
132
Let g(m) = 12*m + 267. What is g(-25)?
-33
Let z(b) = -128*b**2 + 43*b + 44. Calculate z(-1).
-127
Let l(v) = -544*v - 3856. Give l(-7).
-48
Let m(p) = p**3 - 13*p**2 + 43*p - 74. Give m(9).
-11
Let g(o) = o**3 - 7*o**2 - 49*o - 2. Give g(11).
-57
Let s(v) = -176*v**2 + 57*v - 22. What is s(2)?
-612
Let r(h) = -479*h - 1799. Calculate r(-4).
117
Let i(x) = -x**3 - 20*x**2 - 139*x - 1190. Give i(-16).
10
Let u(g) = -3*g**3 + 23*g**2 + 10*g - 18. Calculate u(8).
-2
Let n(u) = u**3 - 8*u**2 + 8*u + 33. Determine n(5).
-2
Let g(b) = 8*b**2 + 1224*b - 262. Determine g(-153).
-262
Let b(u) = -805*u + 3998. Calculate b(5).
-27
Let f(g) = 68*g - 192. Give f(3).
12
Let p(t) = 8*t**3 + 84*t**2 + 40*t - 11. Calculate p(-10).
-11
Let o(q) = -11*q**3 + 262*q**2 + 49*q - 25. Give o(24).
-1
Let d(x) = 6*x**3 + 23*x**2 + 25*x + 29. Determine d(-3).
-1
Let z(j) = 3*j**3 + 2*j**2 - 30*j - 44. Calculate z(-3).
-17
Let m(d) = -6*d + 156. What is m(22)?
24
Let r(s) = 3*s**3 - 13*s**2 + 9*s + 9. Calculate r(3).
0
Let s(a) = 132*a - 3815. What is s(29)?
13
Let j(a) = 16071*a - 80353. Determine j(5).
2
Let r(p) = 16*p**3 + 9*p**2 - 2. Determine r(-1).
-9
Let m(s) = -45*s + 253. What is m(16)?
-467
Let c(v) = 8*v**2 - 54*v + 1. Calculate c(11).
375
Let s(o) = 20*o**2 - 42*o - 54. Determine s(3).
0
Let g(b) = -b**3 - b**2 + 25*b + 52. Give g(-2).
6
Let f(v) = v**3 - 18*v**2 - 37*v - 43. What is f(20)?
17
Let x(o) = -4*o + 129. What is x(-2)?
137
Let i(j) = 44*j**3 - 3*j**2 + 38*j - 36. Give i(1).
43
Let f(n) = -36*n - 182. What is f(-4)?
-38
Let f(t) = 43*t - 74. Determine f(5).
141
Let f(m) = 604*m - 6011. Give f(10).
29
Let v(s) = 356*s**2 - 2473*s - 131. What is v(7)?
2
Let y(w) = w**3 - 124*w**2 - 3211*w - 145. Determine y(146).
1
Let p(k) = k**3 + 6*k**2 - 19*k - 23. Give p(-8).
1
Let v(w) = -2*w**3 - 138*w**2 - 514*w + 385. Calculate v(-65).
-5
Let y(d) = 2*d**3 + 21*d**2 - 6*d + 48. Calculate y(-11).
-7
Let a(q) = 8*q**3 + 529*q**2 + 61*q - 328. Determine a(-66).
2
Let j(g) = -g**2 - 27*g - 90. Calculate j(-5).
20
Let d(u) = -4*u**3 + 5*u**2 + 160*u + 5. Calculate d(7).
-2
Let d(z) = -2*z**3 - 18*z**2 + 55*z + 5. What is d(6)?
-745
Let a(d) = -d**3 - 18*d**2 - 49*d - 53. Calculate a(-7).
-249
Let z(u) = u**2 + 45*u - 241. Calculate z(-50).
9
Let q(z) = 7*z + 264. Calculate q(-39).
-9
Let n(a) = -1351*a + 17532. What is n(13)?
-31
Let w(l) = 4*l**2 + 12*l - 107. What is w(-9)?
109
Let r(x) = 158*x + 2715. Give r(-17).
29
Let o(x) = 3*x**3 + 21*x**2 - 6*x - 38. Determine o(-7).
4
Let z(a) = 34*a - 1152. Give z(35).
38
Let k(g) = 3*g**2 + 47*g + 84. Determine k(-13).
-20
Let i(z) = 7*z**2 + 100*z - 1. Determine i(-13).
-118
Let t(i) = 2*i**2 + 15*i + 399. Calculate t(-15).
624
Let o(j) = -j**3 + 5*j**2 + 24*j - 29. Calculate o(0).
-29
Let a(g) = g**2 + 60*g + 984. Give a(-22).
148
Let z(c) = -23*c + 115. Determine z(7).
-46
Let q(o) = 3239*o - 3245. Determine q(1).
-6
Let v(o) = 5*o**2 + 95*o - 402. Calculate v(4).
58
Let u(o) = -2*o**3 + 29*o**2 + 50. Give u(15).
-175
Let y(t) = -t**3 + 47*t**2 + t + 68. Give y(47).
115
Let j(v) = 2*v**2 - 533*v + 26201. Calculate j(65).
6
Let r(j) = 4*j**2 - 25*j + 55. What is r(2)?
21
Let f(d) = 102*d + 567. Determine f(-7).
-147
Let u(l) = l**3 - 15*l**2 + 23*l + 16. Give u(12).
-140
Let p(z) = -4*z - 250. Give p(0).
-250
Let n(p) = -235*p + 438. Determine n(2).
-32
Let u(x) = -538*x - 3310. Determine u(-6).
-82
Let g(h) = -h**3 + 12*h**2 + 19*h + 41. Give g(13).
119
Let z(y) = 628*y - 21344. Calculate z(34).
8
Let k(z) = -z**3 - 9*z**2 - 13*z - 74. What is k(-8)?
-34
Let t(d) = 5*d**2 + 47*d - 2700. Calculate t(19).
-2
Let s(v) = -7*v**2 - 376*v + 213. Determine s(-54).
105
Let d(j) = 97*j - 370. Determine d(-3).
-661
Let k(t) = -t**3 + 6*t**2 + 384*t - 3447. Calculate k(10).
-7
Let m(g) = 5*g**2 - 29*g + 49. Determine m(13).
517
Let d(a) = -2*a**3 + 13*a**2 + 5*a - 3. Give d(6).
63
Let x(r) = -2*r**2 - 67